d be (-10)/u - 10/(-4). What is the highest common factor of 16 and d?
2
Let g(t) be the second derivative of -1/20*t**5 + 5/6*t**3 + 0 - 11*t + 1/2*t**2 + 5/12*t**4. Let n be g(3). Calculate the greatest common divisor of n and 17.
17
Suppose 5*d + 0*z - 3*z = 15588, 0 = -4*d - 2*z + 12488. Suppose 7*u = -3*u - d. Let v be 4/3*u/(-16). What is the greatest common divisor of v and 13?
13
Let x = -35 - -39. Suppose -10 = -5*j - 5*i, -1 - x = -j - 4*i. Let c be 4/(-18) - (-83)/9. Calculate the greatest common factor of c and j.
1
Suppose 2*p - 582 - 12 = 18. What is the highest common factor of p and 136?
34
Let r = 4614 - 4601. Let l = 159 - 96. Suppose -10*y + r*y = l. Calculate the highest common divisor of y and 21.
21
Let k(x) = 7*x**3 - 39*x**2 + 9*x - 12. Let b be k(6). What is the highest common divisor of b and 19050?
150
Let v = -2691 - -2709. What is the greatest common divisor of v and 4842?
18
Let x(u) = -u**3 + 16*u**2 + 20*u + 37. Let d be x(11). Let h = d + -722. Calculate the highest common divisor of 196 and h.
28
Let u = -2296 - -2614. Calculate the highest common factor of 3 and u.
3
Let j = -18060 - -18083. Calculate the highest common divisor of 13501 and j.
23
Suppose 722*h - 29598 = -3*z + 717*h, 5*z + 2*h - 49292 = 0. What is the highest common divisor of 28 and z?
28
Let t be (10/(-5) + -4)*(3 + (-2466)/12). Suppose 5*n = -2*z - 0 + 45, 2*n = -3*z + 51. Calculate the highest common factor of t and z.
15
Let s = 25 + 53. Calculate the greatest common factor of 8502 and s.
78
Let p(d) = d**3 + 76*d**2 - 19*d - 612. Let q be p(-76). What is the greatest common divisor of q and 26?
26
Suppose -16*u + 1022 = -9*u - 5*u. What is the greatest common factor of 14 and u?
7
Suppose -2826*c + 2834*c = 5696. What is the highest common factor of 8 and c?
8
Suppose s - 26 = -s - 4*w, -w + 9 = s. Let f = -432 - -498. Let o be (-596)/(-30) - f/(-495). Calculate the highest common divisor of s and o.
5
Let f = 359 - 186. Suppose 83 + f = 2*g. Let m be g/20 + -6 - (-116)/10. Calculate the highest common divisor of 36 and m.
12
Suppose -8*t = -6*t + 58. Let x(r) = 4*r + 11. Let l be x(12). Let g = t + l. What is the greatest common divisor of 20 and g?
10
Let y(t) = -t**3 + 19*t**2 + 371*t + 36. Let p be y(31). Let a = 23 - -157. Suppose 0 = 4*f - 0*f - a. Calculate the greatest common factor of f and p.
5
Let c(b) = -b**2 + 7*b + 5. Let o be c(4). Suppose 11*y + 552 = o*y. Calculate the greatest common divisor of y and 4.
4
Let g be (7/13)/((-11)/(-143)). Calculate the highest common divisor of 1631 and g.
7
Suppose -5*u = -7*m + 27962, -2*u = 23*m - 24*m + 4001. What is the greatest common divisor of 26 and m?
13
Let z be 27 + (-18 - -7) + 5. What is the greatest common divisor of 20517 and z?
21
Suppose -26*o + 26399 - 22340 = 15*o. Suppose 0 = 3*a - 5*a + 126. Calculate the highest common divisor of a and o.
9
Suppose 75*x - 2840 = 15237 + 2023. Calculate the greatest common divisor of x and 938.
134
Suppose -4*u + 247 + 153 = 0. Let p = 106118 - 105998. Calculate the greatest common factor of u and p.
20
Suppose -23*l + 166 = -177 + 21. Suppose 5*d - 2550 + 520 = 0. What is the greatest common divisor of l and d?
14
Let h be (4 - 4) + -4 - -7. Let i = 29 + -19. Suppose 0 = -b + 34 - i. Calculate the highest common factor of h and b.
3
Suppose -2*a = 4*m + a - 79, 0 = -2*m + 2*a + 22. Suppose -m = -15*n + 17*n. Let j = n + 31. What is the highest common divisor of j and 23?
23
Suppose 0 = 3*h - 2*k - 20, -174 = 3*k - 180. What is the highest common divisor of h and 216?
8
Let k(s) = 12*s - 123. Let q be k(12). Calculate the greatest common divisor of 553 and q.
7
Let w(j) = 6*j + 51. Let u be w(-6). Suppose 3 = -2*m + u. What is the greatest common factor of 54 and m?
6
Let k be 492/2 - (-8)/(-16)*-2. Let g = k - 145. What is the highest common divisor of 255 and g?
51
Suppose 27*c = -13*c + 1680. Let w be 3/(-2)*6/9. Let t be (c/(-2))/w + 3 + -2. Calculate the greatest common factor of t and 22.
22
Let r be (68/6 - -2)*33/4. Let x = r + -76. Calculate the greatest common factor of x and 85.
17
Let z = 1253 + -1223. Calculate the greatest common factor of z and 1686.
6
Suppose 144 = 26063*q - 26045*q. Let t(u) = 2*u - 10. Suppose -z - 2 + 11 = 0. Let p be t(z). Calculate the greatest common factor of p and q.
8
Suppose 0 = -3*y + 2*y + 21. Let p = y + -18. Suppose 473 = 4*z + 3*v, -p*z - v = -z - 237. What is the highest common factor of z and 17?
17
Let o be 5/(20 - 0) - (-146)/(-8). Let i be o*10/8*(-560)/105. Calculate the greatest common factor of i and 15.
15
Let y(f) = -f**3 - 20*f**2 + 87*f - 128. Let l be y(-24). Calculate the greatest common divisor of 165 and l.
11
Let d(j) = 16*j - 335. Let t be d(23). Calculate the greatest common divisor of t and 11.
11
Suppose 6*b + 4*b = 40. Suppose -680 = -b*o - 8. Suppose 120 = 4*c - 3*h + 5*h, 0 = -5*c + 2*h + o. Calculate the greatest common factor of c and 112.
16
Suppose 0 = -114*m + 3511 + 1505. What is the greatest common factor of m and 605?
11
Suppose 19*k - 1224 = 4418 + 210. Calculate the greatest common factor of k and 224.
28
Let q be ((-27)/(-6))/9*-4. Let o be ((-9)/5)/(q/170). Suppose -o - 87 = -5*h. What is the greatest common factor of h and 12?
12
Let w(i) = i**2 - 29*i - 26. Let k be w(25). Let d be 7/(k/(-642)) + 8/6. Calculate the highest common factor of d and 74.
37
Let u = 323 - 115. Suppose -y + 7*v + 127 = 0, 10 - 201 = -2*y + 5*v. Calculate the highest common factor of u and y.
26
Suppose -d = -8*d + 1120. Let u = 739 - 707. Calculate the greatest common divisor of u and d.
32
Let s = -8704 + 8920. Suppose -4*p = -66 - 42. Calculate the greatest common divisor of p and s.
27
Suppose -2*m = 5*y + 18, 2*y - 5*m - 90 + 74 = 0. Let j be (-225450)/(-575) + y*(-2)/(-46). What is the greatest common divisor of 8 and j?
8
Let g(f) = f + 62. Let o be g(-43). Let a be -11 + o + -6 + (-370)/(-2). What is the highest common factor of a and 33?
11
Let d be (6/(-4) + (-58)/232)*108/(-3). Let v(f) = -2*f - 9. Let x be v(-8). Calculate the highest common factor of d and x.
7
Let u be (-3 - -137)*4 - 3. What is the highest common divisor of 65 and u?
13
Suppose 4*t - 12 = 0, 2*o - 3*t - 95 - 4 = 0. Let y be 31/(4185/(-1458))*(-70)/4. What is the greatest common factor of o and y?
27
Let q(u) = -581*u - 1060. Let b be q(-53). What is the highest common divisor of b and 17?
17
Let g(n) = n**2 + 25*n + 147. Let c be g(-7). Let u(q) = -q**3 - 8*q**2 + 8*q - 8. Let w be u(-10). What is the highest common factor of c and w?
7
Let u be ((-16)/(-72))/(38/27018). Calculate the highest common factor of u and 54826.
158
Let y(i) = 34*i - 42. Let z be y(3). Let l(o) = 2*o**3 - 3*o**2 + 18*o - 2. Let d be l(4). Calculate the highest common factor of z and d.
30
Let y be 56/(-42) - 4948/(-3). Calculate the highest common factor of 309 and y.
103
Let f be 9/(-5)*(-1280)/12. What is the highest common divisor of f and 264?
24
Suppose 75*c + 144 = 91*c. What is the highest common divisor of 15 and c?
3
Let d(z) = -2*z**3 - 3*z**2 + 4*z - 1. Let g be d(-3). Suppose 6 + 39 = -9*y. Let a be y - (-7 + 4)*25. Calculate the greatest common factor of g and a.
14
Suppose 1680*q - 1697*q + 153 = 0. Let m be -1 + (0 - 1) + 548. Suppose q*p + m = 15*p. What is the highest common factor of p and 13?
13
Let x(v) = -31*v + 90. Let y be x(-3). Let f = y + -176. Let h = 24 - 17. Calculate the highest common divisor of f and h.
7
Let j = -9529 - -9543. Calculate the greatest common factor of j and 2541.
7
Let p be 3/9*(-1900)/35*(-147)/14. What is the highest common factor of 1178 and p?
38
Suppose 67659 = 53*q - 20463 + 24204. What is the greatest common divisor of q and 306?
18
Let u = -2498 - -2740. Calculate the highest common factor of u and 407.
11
Suppose 14*l = 5*l + 153. Let a = -15 + l. Suppose 0 = -a*k + 3 + 3. What is the highest common factor of 1 and k?
1
Let n be (-2 + (-15)/(-3) + 4)/((-3)/(-6)). What is the highest common divisor of 3395 and n?
7
Let o be 1896 + 4 + (10 - 18). Calculate the greatest common factor of o and 220.
44
Suppose -12 = 4*z, 4*b - z - z - 18 = 0. Let o = b + 1. Let t(p) = -53*p - 21. Let d be t(-1). What is the greatest common divisor of o and d?
4
Suppose 8*o - 